culate the highest common divisor of b and c.
26
Let j(f) = f**2 + 6*f - 37. Let o be j(-13). What is the highest common divisor of 675 and o?
27
Suppose -11*c + 9*c = -16. Let m be (-1 - c)*(-3)/(-3). Let g be -3*(-2)/m*-66. Calculate the greatest common factor of 22 and g.
22
Let x(g) = -g**3 + 13*g**2 - 26*g + 7. Let j be x(10). What is the greatest common divisor of 611 and j?
47
Let r(a) = -106*a + 3296. Let k be r(31). Let f = -8 - -26. Let j be 2*(3 + -2) + f. What is the highest common divisor of j and k?
10
Let h = 426 + 194. Calculate the greatest common divisor of 20 and h.
20
Suppose -x + 8 = -0*x. Let f = 68 - 71. Let v(o) = -6*o - 6. Let s be v(f). Calculate the highest common factor of x and s.
4
Suppose 429 = 3*o + g, -o - 6*g = -2*g - 143. Suppose w - 39 = -2*w. What is the greatest common factor of o and w?
13
Let c be 33/(6*6/36). Suppose 5*l - 5*k - 189 - 331 = 0, 3*l + 2*k = 287. What is the greatest common factor of l and c?
33
Let t(m) = 6*m - 91. Let f be t(17). Suppose 2*q = 5*h - 10, 1 = 4*q - h - 15. Suppose q*u - 37 = 568. Calculate the highest common divisor of u and f.
11
Let v(r) = r**3 - 28*r**2 - 30*r + 71. Let u be v(29). What is the highest common factor of u and 798?
42
Let o be 1*2 + (17 - -5). Suppose -16*h + 1625 + 6823 = 0. Suppose -13*n + 11*n + h = 0. What is the highest common divisor of o and n?
24
Let t(q) be the first derivative of 5*q - 1/4*q**4 + 0*q**2 + 2*q**3 + 4. Let k be t(6). What is the highest common divisor of k and 10?
5
Let k = -299 - -338. What is the greatest common divisor of 624 and k?
39
Let d = 17 + 75. Let t be 3*5/(60/92). What is the highest common divisor of t and d?
23
Let f be 2 - (1 + -463)/6. Calculate the greatest common divisor of 316 and f.
79
Let w(p) = -p**2 + 13*p + 111. Let x be w(13). Calculate the greatest common factor of x and 259.
37
Let f(d) = d**3 + 9*d**2 + 10*d + 2. Let k be f(-7). Let z be k/70*(-14)/(-2). Calculate the highest common factor of 3 and z.
3
Let u(y) = -y**2 + 7*y - 5. Let n = 17 + -14. Let h be u(n). Calculate the greatest common divisor of 28 and h.
7
Let q be -2*(-2)/8*6. Suppose -2*w - q*l + 41 = 0, -104 + 28 = -2*w + 4*l. What is the greatest common divisor of w and 14?
14
Let c = 4358 + -4328. Let g be (-1 - 329)/(-1) + 0. Calculate the highest common divisor of g and c.
30
Let o = 924 - 876. What is the highest common divisor of o and 128?
16
Let y = -20 - -90. Suppose 7*a = -0*a + y. What is the highest common divisor of 110 and a?
10
Let t = -53 + 13. Let h = 61 + t. Let i = 566 - 377. What is the highest common factor of h and i?
21
Let l = 61 - 68. Let w(y) = y**2 + 3*y - 10. Let p be w(l). Calculate the greatest common divisor of p and 18.
18
Suppose -5*c + 1504 = j, -6*j + 4*j = -5*c + 1492. What is the highest common divisor of c and 40?
20
Suppose 18*j - 2303 = 1747. Calculate the highest common factor of j and 75.
75
Let f = 400 + -368. Calculate the greatest common divisor of 272 and f.
16
Suppose -6*n - 9 + 45 = 0. Let d be n - (16/(-10) + (-2)/5). Let x = -8 + 16. Calculate the highest common factor of d and x.
8
Let m be (-24 + 15)/((-1)/((-44)/(-6))). What is the highest common divisor of m and 22?
22
Let c be (-62798)/(-119) - (-4)/14. Calculate the greatest common factor of 198 and c.
66
Suppose 4*q = -8, 0 = -5*j + 5*q + 140 + 80. Calculate the highest common divisor of j and 48.
6
Let x = -515 + 536. Let a(c) = 105*c**2 - c + 1. Let o be a(1). Calculate the highest common divisor of x and o.
21
Suppose -10 = 2*o - 60. Let j = 15 - o. Let w = 11 + j. What is the greatest common factor of w and 1?
1
Let k(p) = 4*p**3 - p**2 - 2*p - 21. Let j be k(3). Calculate the greatest common factor of j and 120.
24
Suppose -90 - 270 = -10*l. Calculate the greatest common factor of 372 and l.
12
Suppose 5*x - 5*v - 2635 = 0, -5*v + 7*v + 2635 = 5*x. What is the highest common factor of x and 17?
17
Let i(c) = -4*c**2 + 46*c - 7. Let x be i(5). What is the highest common factor of 6 and x?
3
Suppose 0 = -10*j - 238 + 3238. Calculate the highest common factor of 120 and j.
60
Let k be (12/7)/((-6)/(-63)). Let m be (5 - 3)*k/4. Calculate the greatest common factor of 99 and m.
9
Let y(b) = -b**3 + 34*b**2 + 3*b - 49. Let x be y(34). Calculate the greatest common divisor of 53 and x.
53
Let i = -30 - -52. Suppose -88*c - 792 = -112*c. What is the highest common divisor of i and c?
11
Let n be (63/(-3))/((-1239)/(-414) - 3). Calculate the highest common divisor of 126 and n.
126
Suppose -3*a = -b - 1295, -4*b - 3 + 7 = 0. Calculate the greatest common factor of 54 and a.
54
Let p be ((-44)/(-66))/(5/(-3))*240. Let i be (-36)/p + (-253)/(-8). What is the greatest common divisor of 288 and i?
32
Let k = -430 - -614. What is the highest common factor of 8 and k?
8
Suppose -4*z + 4 = 4*v, -2*v + 0*v - 1 = -z. Let k be 8/(1 + z/(-3)). Let m be -1 + (-13)/((-39)/(-12)) + 35. Calculate the greatest common divisor of k and m.
6
Let b be 87/(-2)*4/(-6). Suppose -p - 4*q = -120 - b, 3*p = 5*q + 498. Calculate the highest common divisor of p and 23.
23
Suppose 2*q - 45 = 31. Let t = q - 36. Let k be 49/t*32/56. What is the highest common divisor of k and 21?
7
Let n(o) = 17*o**2 + 3*o + 10. Let a be n(-3). What is the greatest common factor of 28 and a?
14
Let j be (4 - (-868 + 6/2)) + 5. Calculate the greatest common factor of 46 and j.
46
Suppose 3*l - 891 = -5*h, 4*h = 2*h. Let c = -1843 - -1870. Calculate the highest common factor of l and c.
27
Let q(b) = -b**2 - 180 + 187*b**3 + 366 - 184 - b. Let r be q(1). What is the highest common divisor of r and 17?
17
Let t(a) = -61*a - 74. Let j be t(-2). Calculate the highest common factor of 72 and j.
24
Let a = 71 - 31. Let x(h) = -h + 3. Let k be x(5). Let b = k - -7. Calculate the greatest common divisor of a and b.
5
Let g = 1072 + -822. What is the greatest common divisor of 10 and g?
10
Let l(g) = -3*g + 11. Let s be l(3). What is the greatest common divisor of s and 1?
1
Suppose -32*i - 52416 = -116*i. Calculate the greatest common factor of i and 192.
48
Suppose -5*z + 2*r - 13 = 0, -2*z - 4*r + 11 = 3*z. Let l(s) = 0 + 2*s - 1 + 19*s**2 + 2. Let o be l(z). Calculate the greatest common divisor of o and 27.
9
Suppose u = 5*u - 120. Let o(y) = 39*y**3 + y**2 - y + 1. Let m be o(1). Let j = m + -28. What is the highest common factor of u and j?
6
Let t be 5 + 31/2*2. Suppose 5*z = 714 + t. Calculate the greatest common factor of z and 60.
30
Suppose p + h = 4*h + 17, 0 = 5*p - 3*h - 61. Calculate the greatest common divisor of 176 and p.
11
Suppose 7*c - 11*c + 96 = 0. Let r be 0 + 5/(10/(-16)). Let d be (-390)/r - 33/44. Calculate the highest common factor of c and d.
24
Suppose 3*w + 75 = 2*a + 3*a, -5*a - 5*w = -35. Suppose -27 = 9*f - a*f. Let b = -1 + 10. What is the greatest common divisor of f and b?
9
Let n be (21 + -13)*(0 - -10). Calculate the greatest common divisor of n and 32.
16
Suppose -3*j = 2*g - 19, 4*g - 5*j + 8 = -9. Suppose x - 6 = g. Let l = 75 + -51. Calculate the greatest common factor of x and l.
8
Let r(v) = -8*v + 7. Let q be r(2). Let c = q + 21. What is the greatest common factor of c and 24?
12
Let q = -34 + 42. What is the greatest common divisor of q and 12?
4
Suppose -13*o = -4*o - 198. What is the greatest common factor of 4 and o?
2
Let r be 645/18 + (-9)/(-54). Suppose 0 = 2*f - 2 + 8. Let t be f + 4 - r/(-2). What is the greatest common factor of 38 and t?
19
Let b = 11 - 12. Let h be (b - -3)*2/4. Let v = h - -4. Calculate the greatest common divisor of v and 5.
5
Let v(k) = -k**2 + 42*k - 351. Let w be v(15). Calculate the greatest common divisor of w and 36.
18
Suppose 3658 = 10*j + 248. Calculate the highest common factor of j and 11.
11
Let r be (5*5)/(1/1). Let i = 718 - 693. Calculate the highest common divisor of i and r.
25
Let f = -2 + -19. Let c be 59 + 1 - f/7. Calculate the greatest common factor of c and 9.
9
Let f = 27 + -26. Let i be f - (7 + -4 + 3). Let w be -3 - -22 - (i - -4). What is the greatest common factor of 2 and w?
2
Suppose 35*f - 21*f - 70 = 0. Calculate the greatest common factor of f and 8.
1
Let c = -574 + 583. Suppose 2*z = -2*z + 288. Calculate the greatest common divisor of c and z.
9
Suppose 341 - 56 = 5*l. Let i b